{"id":1205,"date":"2021-04-08T18:29:26","date_gmt":"2021-04-08T16:29:26","guid":{"rendered":"http:\/\/localhost\/?page_id=3"},"modified":"2023-05-26T14:34:32","modified_gmt":"2023-05-26T12:34:32","slug":"politique-de-confidentialite-2","status":"publish","type":"page","link":"https:\/\/ohay.io\/index.php\/politique-de-confidentialite-2\/","title":{"rendered":"Politique de confidentialit\u00e9"},"content":{"rendered":"\n<h3>Qui sommes-nous&nbsp;?<\/h3>\n\n\n\n<p>Ohay.io est un \u00e9diteur de solution mat\u00e9rielle et logicielle int\u00e9gr\u00e9e pour fournir des services et le stockage num\u00e9rique personnalis\u00e9 pour s&rsquo;adapter \u00e0 cette nouvelle \u00e8re digitale agile, r\u00e9siliente, autonome, souveraine et inclusive.<\/p>\n\n\n\n<p>Ohay.io est une SAS dont le num\u00e9ro  de SIRET est 948 143 359 00016. <\/p>\n\n\n\n<p>Notre si\u00e8ge social se trouve au 2B Rue Alfred Nobel 77420 Champs-sur-Marne.<\/p>\n\n\n\n<p>L\u2019adresse de notre site est&nbsp;: http:\/\/www.ohay.io.<\/p>\n\n\n\n<h3>Utilisation des donn\u00e9es personnelles collect\u00e9es<\/h3>\n\n\n\n<h4>Formulaires de contact<\/h4>\n\n\n\n<p>Les donn\u00e9es que vous nous transmettez directement sont utilis\u00e9es dans le but de vous re-contacter et\/ou dans le cadre de la demande que vous nous faites. Ces donn\u00e9es personnelles ne sont collect\u00e9es qu\u2019apr\u00e8s votre consentement obligatoire en tant qu&rsquo;utilisateur. Ce consentement est valablement recueilli (boutons et cases \u00e0 cocher), libre, clair et sans \u00e9quivoque.<\/p>\n\n\n\n<h4>Contenu embarqu\u00e9 depuis d\u2019autres sites<\/h4>\n\n\n\n<p>Les articles de ce site peuvent inclure des contenus int\u00e9gr\u00e9s (par exemple des vid\u00e9os, images, articles\u2026). Le contenu int\u00e9gr\u00e9 depuis d\u2019autres sites se comporte de la m\u00eame mani\u00e8re que si le visiteur se rendait sur cet autre site.<\/p>\n\n\n\n<p>Ces sites web pourraient collecter des donn\u00e9es sur vous, utiliser des cookies, embarquer des outils de suivis tiers, suivre vos interactions avec ces contenus embarqu\u00e9s si vous disposez d\u2019un compte connect\u00e9 sur leur site web.<\/p>\n\n\n\n<h3>Utilisation et Transmission de vos donn\u00e9es personnelles<\/h3>\n\n\n\n<h4>Les droits que vous avez sur vos donn\u00e9es<\/h4>\n\n\n\n<p>Si vous nous avez envoy\u00e9 un formulaire de contact, vous pouvez demander \u00e0 recevoir un fichier contenant toutes les donn\u00e9es personnelles que nous poss\u00e9dons \u00e0 votre sujet, incluant celles que vous nous avez fournies. Vous pouvez \u00e9galement demander la suppression des donn\u00e9es personnelles vous concernant. Cela ne prend pas en compte les donn\u00e9es stock\u00e9es \u00e0 des fins administratives, l\u00e9gales ou pour des raisons de s\u00e9curit\u00e9.<\/p>\n\n\n\n<h4>Transmission de vos donn\u00e9es personnelles<\/h4>\n\n\n\n<p>Nous ne transf\u00e9rons ni ne partageons vos donn\u00e9es personnelles avec aucunes organisations. Cependant, nous pouvons divulguer vos renseignements personnels si la loi nous oblige \u00e0 le faire ou si vous violez nos Conditions G\u00e9n\u00e9rales d&rsquo;Utilisation.<\/p>\n\n\n\n<h3>S\u00e9curit\u00e9<\/h3>\n\n\n\n<p>Pour prot\u00e9ger vos donn\u00e9es personnelles, nous prenons des pr\u00e9cautions raisonnables et suivons les meilleures pratiques de l\u2019industrie pour nous assurer qu\u2019elles ne soient pas perdues, d\u00e9tourn\u00e9es, consult\u00e9es, divulgu\u00e9es, modifi\u00e9es ou d\u00e9truites de mani\u00e8re inappropri\u00e9e.<\/p>\n","protected":false},"excerpt":{"rendered":"<p>Qui sommes-nous&nbsp;? Ohay.io est un \u00e9diteur de solution mat\u00e9rielle et logicielle int\u00e9gr\u00e9e pour fournir des services et le stockage num\u00e9rique personnalis\u00e9 pour s&rsquo;adapter \u00e0 cette nouvelle \u00e8re digitale agile, r\u00e9siliente, autonome, souveraine et inclusive. Ohay.io est une SAS dont le num\u00e9ro de SIRET est 948 143 359 00016. Notre si\u00e8ge social se trouve au 2B [&hellip;]<\/p>\n","protected":false},"author":1,"featured_media":0,"parent":0,"menu_order":0,"comment_status":"closed","ping_status":"open","template":"template-banner.php","meta":[],"_links":{"self":[{"href":"https:\/\/ohay.io\/index.php\/wp-json\/wp\/v2\/pages\/1205"}],"collection":[{"href":"https:\/\/ohay.io\/index.php\/wp-json\/wp\/v2\/pages"}],"about":[{"href":"https:\/\/ohay.io\/index.php\/wp-json\/wp\/v2\/types\/page"}],"author":[{"embeddable":true,"href":"https:\/\/ohay.io\/index.php\/wp-json\/wp\/v2\/users\/1"}],"replies":[{"embeddable":true,"href":"https:\/\/ohay.io\/index.php\/wp-json\/wp\/v2\/comments?post=1205"}],"version-history":[{"count":7,"href":"https:\/\/ohay.io\/index.php\/wp-json\/wp\/v2\/pages\/1205\/revisions"}],"predecessor-version":[{"id":1699,"href":"https:\/\/ohay.io\/index.php\/wp-json\/wp\/v2\/pages\/1205\/revisions\/1699"}],"wp:attachment":[{"href":"https:\/\/ohay.io\/index.php\/wp-json\/wp\/v2\/media?parent=1205"}],"curies":[{"name":"wp","href":"https:\/\/api.w.org\/{rel}","templated":true}]}}